{"id":556,"date":"2024-04-09T11:12:20","date_gmt":"2024-04-09T14:12:20","guid":{"rendered":"https:\/\/editoraarsregia.com\/?post_type=product&#038;p=556"},"modified":"2025-08-21T17:50:28","modified_gmt":"2025-08-21T20:50:28","slug":"alain-de-benoist-para-alem-dos-direitos-humanos","status":"publish","type":"product","link":"https:\/\/editoraarsregia.com\/?product=alain-de-benoist-para-alem-dos-direitos-humanos","title":{"rendered":"Alain de Benoist &#8211; Para Al\u00e9m dos Direitos Humanos"},"content":{"rendered":"<p>Para Al\u00e9m dos Direitos Humanos: Se h\u00e1 um dogma contempor\u00e2neo, mais at\u00e9 do que a democracia liberal e a economia de mercado, \u00e9 a ideologia dos direitos humanos. Se em rela\u00e7\u00e3o aos outros dogmas do s\u00e9culo XXI \u00e9 poss\u00edvel simular debates, os direitos humanos parecem ter, verdadeiramente, se convertido em religi\u00e3o e sido retirados de qualquer possibilidade de discuss\u00e3o ou questionamento.<\/p>\n<p>Nascendo de uma virada subjetivista e individualista das reflex\u00f5es filos\u00f3ficas e jur\u00eddicas do Ocidente, os direitos humanos alcan\u00e7aram sua consagra\u00e7\u00e3o com a Revolu\u00e7\u00e3o Francesa e o triunfo global do Iluminismo. Mas em sua profiss\u00e3o de f\u00e9 universalista, a ideologia dos direitos humanos tem servido como fundamenta\u00e7\u00e3o discursiva para o imperialismo, o neocolonialismo e o desenraizamento dos povos.<\/p>\n<p>Mas ser\u00e1 que essa instrumentaliza\u00e7\u00e3o dos direitos humanos se d\u00e1 por apropria\u00e7\u00e3o ou haveria na pr\u00f3pria ess\u00eancia dessa ideologia um projeto hegemonista e nivelador? Alain de Benoist mergulha nas origens, na hist\u00f3ria e na natureza dos direitos humanos precisamente com o prop\u00f3sito de questionar o inquestion\u00e1vel, tarefa suprema dos verdadeiros fil\u00f3sofos.<\/p>\n","protected":false},"excerpt":{"rendered":"<p>Para Al\u00e9m dos Direitos Humanos: Se h\u00e1 um dogma contempor\u00e2neo, mais at\u00e9 do que a democracia liberal e a economia de mercado, \u00e9 a ideologia dos direitos humanos. Se em rela\u00e7\u00e3o aos outros dogmas do s\u00e9culo XXI \u00e9 poss\u00edvel simular debates, os direitos humanos parecem ter, verdadeiramente, se convertido em religi\u00e3o e sido retirados de [&hellip;]<\/p>\n","protected":false},"featured_media":557,"comment_status":"open","ping_status":"closed","template":"","meta":{"_monsterinsights_skip_tracking":false,"_monsterinsights_sitenote_active":false,"_monsterinsights_sitenote_note":"","_monsterinsights_sitenote_category":0,"_joinchat":[]},"product_brand":[],"product_cat":[27],"product_tag":[],"class_list":{"0":"post-556","1":"product","2":"type-product","3":"status-publish","4":"has-post-thumbnail","6":"product_cat-livro","8":"first","9":"instock","10":"shipping-taxable","11":"purchasable","12":"product-type-simple"},"aioseo_notices":[],"jetpack_sharing_enabled":true,"_links":{"self":[{"href":"https:\/\/editoraarsregia.com\/index.php?rest_route=\/wp\/v2\/product\/556","targetHints":{"allow":["GET"]}}],"collection":[{"href":"https:\/\/editoraarsregia.com\/index.php?rest_route=\/wp\/v2\/product"}],"about":[{"href":"https:\/\/editoraarsregia.com\/index.php?rest_route=\/wp\/v2\/types\/product"}],"replies":[{"embeddable":true,"href":"https:\/\/editoraarsregia.com\/index.php?rest_route=%2Fwp%2Fv2%2Fcomments&post=556"}],"wp:featuredmedia":[{"embeddable":true,"href":"https:\/\/editoraarsregia.com\/index.php?rest_route=\/wp\/v2\/media\/557"}],"wp:attachment":[{"href":"https:\/\/editoraarsregia.com\/index.php?rest_route=%2Fwp%2Fv2%2Fmedia&parent=556"}],"wp:term":[{"taxonomy":"product_brand","embeddable":true,"href":"https:\/\/editoraarsregia.com\/index.php?rest_route=%2Fwp%2Fv2%2Fproduct_brand&post=556"},{"taxonomy":"product_cat","embeddable":true,"href":"https:\/\/editoraarsregia.com\/index.php?rest_route=%2Fwp%2Fv2%2Fproduct_cat&post=556"},{"taxonomy":"product_tag","embeddable":true,"href":"https:\/\/editoraarsregia.com\/index.php?rest_route=%2Fwp%2Fv2%2Fproduct_tag&post=556"}],"curies":[{"name":"wp","href":"https:\/\/api.w.org\/{rel}","templated":true}]}}

Alain de Benoist &#8211; Para Além dos Direitos Humanos

<p>Para Além dos Direitos Humanos: Se há um dogma contemporâneo, mais até do que a democracia liberal e a economia de mercado, é a ideologia dos direitos humanos. Se em relação aos outros dogmas do século XXI é possível simular debates, os direitos humanos parecem ter, verdadeiramente, se convertido em religião e sido retirados de qualquer possibilidade de discussão ou questionamento.</p>
<p>Nascendo de uma virada subjetivista e individualista das reflexões filosóficas e jurídicas do Ocidente, os direitos humanos alcançaram sua consagração com a Revolução Francesa e o triunfo global do Iluminismo. Mas em sua profissão de fé universalista, a ideologia dos direitos humanos tem servido como fundamentação discursiva para o imperialismo, o neocolonialismo e o desenraizamento dos povos.</p>
<p>Mas será que essa instrumentalização dos direitos humanos se dá por apropriação ou haveria na própria essência dessa ideologia um projeto hegemonista e nivelador? Alain de Benoist mergulha nas origens, na história e na natureza dos direitos humanos precisamente com o propósito de questionar o inquestionável, tarefa suprema dos verdadeiros filósofos.</p>

<p>Para Além dos Direitos Humanos: Se há um dogma contemporâneo, mais até do que a democracia liberal e a economia de mercado, é a ideologia dos direitos humanos. Se em relação aos outros dogmas do século XXI é possível simular debates, os direitos humanos parecem ter, verdadeiramente, se convertido em religião e sido retirados de [&hellip;]</p>
