{"id":740,"date":"2025-01-24T22:19:55","date_gmt":"2025-01-25T01:19:55","guid":{"rendered":"https:\/\/editoraarsregia.com\/?post_type=product&#038;p=740"},"modified":"2025-08-21T17:54:28","modified_gmt":"2025-08-21T20:54:28","slug":"diego-fusaro-golpe-global","status":"publish","type":"product","link":"https:\/\/editoraarsregia.com\/?product=diego-fusaro-golpe-global","title":{"rendered":"Diego Fusaro &#8211; Golpe Global"},"content":{"rendered":"<p>Globaliza\u00e7\u00e3o Infeliz: A Queda da URSS viu o alastrar-se global do liberalismo como ideologia hegem\u00f4nica. A globaliza\u00e7\u00e3o finalmente chegou a todos os rinc\u00f5es do planeta e os valores da democracia, do livre mercado e dos direitos humanos se viram celebrados por todas as partes.<\/p>\n<p>Mas o mundo n\u00e3o se tornou o para\u00edso prometido. O aumento da desigualdade ergueu um punhado de oligarcas cosmopolitas \u00e0s alturas enquanto a classe m\u00e9dia foi espoliada e o proletariado transformado em precariado. Garantindo a manuten\u00e7\u00e3o da ideologia hegem\u00f4nica, jornalistas e intelectuais progressistas propagam as verdades do liberalismo como mantras e empreendem persegui\u00e7\u00f5es inquisitoriais contra os dissidentes e inconformistas.<\/p>\n<p>Com todos os limites e fronteiras violados e negados pelo cosmopolitismo financeiro sob os aplausos da esquerda, Diego Fusaro lan\u00e7a suas teses contra cada um dos pilares da ordem hegem\u00f4nica, expondo \u00e0 luz as suas mentiras e convidando \u00e0 supera\u00e7\u00e3o da distin\u00e7\u00e3o entre direita e esquerda para reorganizar o campo de batalha entre patriotas e globalistas.<\/p>\n","protected":false},"excerpt":{"rendered":"<p>Golpe Global: O mundo passou por um per\u00edodo turbulento, entre 2020 e 2021, marcado por uma crise pand\u00eamica. Nesse per\u00edodo, vimos boa parte dos pa\u00edses do mundo implementando estados de exce\u00e7\u00e3o com a finalidade declarada de impedir a difus\u00e3o do v\u00edrus.<\/p>\n<p>Mas \u00e9 poss\u00edvel confiar nas boas inten\u00e7\u00f5es dos governos liberal-democr\u00e1ticos? Com o auge da crise sanit\u00e1ria j\u00e1 superado, e j\u00e1 podendo olhar com mais frieza para tudo que aconteceu, talvez tenha chegado o momento de fazer uma an\u00e1lise cr\u00edtica das pol\u00edticas sanit\u00e1rias ocidentais.<\/p>\n<p>Em Golpe Global, Diego Fusaro se debru\u00e7a sobre as medidas excepcionais \u201ctempor\u00e1rias\u201d implementadas pelos governos e desvenda as verdadeiras causas por tr\u00e1s delas.<\/p>\n","protected":false},"featured_media":741,"comment_status":"open","ping_status":"closed","template":"","meta":{"_monsterinsights_skip_tracking":false,"_monsterinsights_sitenote_active":false,"_monsterinsights_sitenote_note":"","_monsterinsights_sitenote_category":0,"_joinchat":[]},"product_brand":[],"product_cat":[27],"product_tag":[],"class_list":{"0":"post-740","1":"product","2":"type-product","3":"status-publish","4":"has-post-thumbnail","6":"product_cat-livro","8":"first","9":"instock","10":"shipping-taxable","11":"purchasable","12":"product-type-simple"},"aioseo_notices":[],"jetpack_sharing_enabled":true,"_links":{"self":[{"href":"https:\/\/editoraarsregia.com\/index.php?rest_route=\/wp\/v2\/product\/740","targetHints":{"allow":["GET"]}}],"collection":[{"href":"https:\/\/editoraarsregia.com\/index.php?rest_route=\/wp\/v2\/product"}],"about":[{"href":"https:\/\/editoraarsregia.com\/index.php?rest_route=\/wp\/v2\/types\/product"}],"replies":[{"embeddable":true,"href":"https:\/\/editoraarsregia.com\/index.php?rest_route=%2Fwp%2Fv2%2Fcomments&post=740"}],"wp:featuredmedia":[{"embeddable":true,"href":"https:\/\/editoraarsregia.com\/index.php?rest_route=\/wp\/v2\/media\/741"}],"wp:attachment":[{"href":"https:\/\/editoraarsregia.com\/index.php?rest_route=%2Fwp%2Fv2%2Fmedia&parent=740"}],"wp:term":[{"taxonomy":"product_brand","embeddable":true,"href":"https:\/\/editoraarsregia.com\/index.php?rest_route=%2Fwp%2Fv2%2Fproduct_brand&post=740"},{"taxonomy":"product_cat","embeddable":true,"href":"https:\/\/editoraarsregia.com\/index.php?rest_route=%2Fwp%2Fv2%2Fproduct_cat&post=740"},{"taxonomy":"product_tag","embeddable":true,"href":"https:\/\/editoraarsregia.com\/index.php?rest_route=%2Fwp%2Fv2%2Fproduct_tag&post=740"}],"curies":[{"name":"wp","href":"https:\/\/api.w.org\/{rel}","templated":true}]}}

<p>Globalização Infeliz: A Queda da URSS viu o alastrar-se global do liberalismo como ideologia hegemônica. A globalização finalmente chegou a todos os rincões do planeta e os valores da democracia, do livre mercado e dos direitos humanos se viram celebrados por todas as partes.</p>
<p>Mas o mundo não se tornou o paraíso prometido. O aumento da desigualdade ergueu um punhado de oligarcas cosmopolitas às alturas enquanto a classe média foi espoliada e o proletariado transformado em precariado. Garantindo a manutenção da ideologia hegemônica, jornalistas e intelectuais progressistas propagam as verdades do liberalismo como mantras e empreendem perseguições inquisitoriais contra os dissidentes e inconformistas.</p>
<p>Com todos os limites e fronteiras violados e negados pelo cosmopolitismo financeiro sob os aplausos da esquerda, Diego Fusaro lança suas teses contra cada um dos pilares da ordem hegemônica, expondo à luz as suas mentiras e convidando à superação da distinção entre direita e esquerda para reorganizar o campo de batalha entre patriotas e globalistas.</p>

<p>Golpe Global: O mundo passou por um período turbulento, entre 2020 e 2021, marcado por uma crise pandêmica. Nesse período, vimos boa parte dos países do mundo implementando estados de exceção com a finalidade declarada de impedir a difusão do vírus.</p>
<p>Mas é possível confiar nas boas intenções dos governos liberal-democráticos? Com o auge da crise sanitária já superado, e já podendo olhar com mais frieza para tudo que aconteceu, talvez tenha chegado o momento de fazer uma análise crítica das políticas sanitárias ocidentais.</p>
<p>Em Golpe Global, Diego Fusaro se debruça sobre as medidas excepcionais “temporárias” implementadas pelos governos e desvenda as verdadeiras causas por trás delas.</p>
